0. What is the remainder when z is divided by y?
8
Let y(i) = -i**3 - 40*i**2 + 26*i + 122. What is the remainder when y(-45) is divided by 178?
177
What is the remainder when (27 - -628 - 1*7) + (10 - 3) is divided by 19?
9
Suppose 0*j + 108 = -2*j. Let i = j - -75. Calculate the remainder when -2*((24/3 - 4) + 517/(-22)) is divided by i.
18
Let c(a) = -a**2 + 4*a - 1. Let n be c(3). Suppose -691*r + 896 = -684*r. Suppose r - 104 = n*v. Calculate the remainder when 23 is divided by v.
11
Let q(r) = 7*r + 880. What is the remainder when q(-16) is divided by 112?
96
Let y be (-27 + -384)*(-1 - (-4)/6). Suppose y + 35 = 4*q. Calculate the remainder when q is divided by 17.
9
Let n = -1935 + 2125. What is the remainder when n is divided by 33?
25
Let h(d) = -3*d + 3. Let q be h(0). Suppose q*l = 296 + 115. Let g(k) = k**3 + 8*k**2 - 21*k + 4. Calculate the remainder when l is divided by g(-10).
11
Suppose 0*p - 14 = -7*p. Calculate the remainder when ((-105)/(-1))/(1/2*p) is divided by 44.
17
Suppose 0 = 4*i - 8, -w - 4*i = -3*i - 340. Let q = 50327 - 50309. Calculate the remainder when w is divided by q.
14
Let z be (-1 - -1)*(-2)/4. Let n = 5 + 15. What is the remainder when (-1 + z)/(-4 + 735/185) is divided by n?
17
Let n(d) = d**3 - 2*d**2 - 80*d + 353. What is the remainder when 1434 is divided by n(4)?
4
Let j = -250 - 162. Let g = 420 + j. What is the remainder when 27 is divided by g?
3
Suppose -17*k = 3 - 71. Suppose 0 = 2*y - 2*h - 172, k*y - h - 353 = -0*y. Calculate the remainder when y is divided by 47.
42
Let g(k) = 25*k + 1237. Calculate the remainder when g(-48) is divided by 17.
3
Let g be 4/(-14) - (-955)/35. Let y = g + -4. Let x(m) = 24*m - 7. What is the remainder when x(4) is divided by y?
20
Let y(c) = -c**2 - 2*c + 38. Let h be y(-7). Suppose -7 + 1 = 2*t, 0 = h*o + 3*t - 852. What is the remainder when o is divided by 23?
11
Suppose 117*y - 35911 - 4745 = 11643. What is the remainder when y is divided by 155?
137
Let d be 2/(-4)*(-6 + 10 + -88). Let h = 84 + d. Calculate the remainder when h is divided by 37.
15
Let a = -5653 + 5665. Calculate the remainder when 2481 is divided by a.
9
Let s be (-24)/16*(3 + -5). Suppose 0 = 3*v + 5*i - 57 - 2, -4*i - 104 = -s*v. Calculate the remainder when 48 is divided by v.
20
Suppose -6*a + 16*a - 190 = 0. Let u = 340 + -318. What is the remainder when u is divided by a?
3
Let g = 2627 + -2477. What is the remainder when g is divided by 95?
55
Let b(j) = -2*j**3 + 40*j**2 + 6*j - 19. Let t be b(20). Suppose -8*a = -t - 379. Calculate the remainder when a is divided by 13.
8
Suppose 102 = 2*u + 4*k - 54, 340 = 4*u + 4*k. What is the remainder when 105 is divided by u?
13
Let j = 62 + -31. Let s = 89 - -66. Let q = -147 + s. Calculate the remainder when j is divided by q.
7
Let p(g) = 197*g - 444. Calculate the remainder when p(25) is divided by 13.
9
Let m = 21 + -28. What is the remainder when -1 + 1 - (m + (-185 - -2)) is divided by 8?
6
Let u(c) = -c**3 - 69*c**2 - 3*c - 129. What is the remainder when 531 is divided by u(-69)?
63
Let b(t) = -21*t + 15. Let o be b(-5). Let k = -90 + o. Suppose 27 = -z + k. What is the remainder when 4 is divided by z?
1
Let s = 20 - 20. Let a(t) = 3*t + 0 + s + 16 - 5*t. What is the remainder when 62 is divided by a(0)?
14
Let s = 388 + -398. What is the remainder when (6 + 24)/6 + s/(-1) is divided by 4?
3
Let i = 302 - 299. What is the remainder when 299 is divided by i*(0 - (-125)/15)?
24
Let u(n) = n**3 - n**2 - 5*n + 25. Let b = -144 - -149. Calculate the remainder when u(b) is divided by 13.
9
Suppose 237 = 5*d + m, 10*d - 90 = 8*d + 2*m. What is the remainder when 745 is divided by d?
40
Suppose -4*k + 2150 = -2*i, -2*k + 1080 = 2*i + 2*i. Let w = k + -377. What is the remainder when w is divided by 47?
20
Let m be 2/(-1) + (0 - -4). Suppose m*j = 8, 8*j = -3*t + 7*j + 22. What is the remainder when 40 is divided by t?
4
Let k(b) = -b**3 + 9*b**2 + 109*b - 203. Calculate the remainder when 663 is divided by k(15).
7
Let f(n) = -n**2 - 13*n + 35. Suppose p + 3 - 8 = 0, -3*p = -4*h + 21. Calculate the remainder when h is divided by f(2).
4
Suppose -2*x + 16*x = 2100. Calculate the remainder when 297 is divided by x.
147
Let d(m) = -116*m + 590. What is the remainder when d(-7) is divided by 26?
24
Calculate the remainder when (424/(-1 - 1))/(1 + -2 + -1) is divided by 11.
7
Let v = 51 - 12. Let b = -37 + v. Suppose -106 = -2*d + 3*m - b*m, -2*m - 8 = 0. What is the remainder when d is divided by 11?
7
Let l(i) = -i**3 - 66*i**2 - 105*i - 1836. Calculate the remainder when l(-68) is divided by 38.
36
Suppose 4*t - 12 = -4*h, 2*t + h = -2*t + 3. Suppose j = -t*j + 3. Suppose 4*m - 100 = -4*r, 4*r = j*m - m - 26. What is the remainder when 81 is divided by m?
18
Suppose 3*n + 2*w = 249, -n = -2*w + 13 - 88. Calculate the remainder when n is divided by 864/(-2952)*164/(-4).
9
Let h(j) = 4*j - 4. Suppose 0 = o + 5*r - 76, -4*o - r = -6*r - 379. Let u = o + -85. Calculate the remainder when 31 is divided by h(u).
11
Suppose -72*n - 349 + 1845 = 64*n. What is the remainder when -2*(-2)/(-4)*-17 is divided by n?
6
Suppose 3*p - 40 = -64. What is the remainder when 229 is divided by (-1)/p + (-14697)/(-184)?
69
Suppose 4*u + 57 = 65. Suppose o = u*z - 231, -z = 5*o - 0*o - 88. What is the remainder when z is divided by (-29)/(-2)*(-2 + 4)?
26
Suppose -4*d = -5*h - 2, 2*h + 12 = 2*d + 10. Suppose -4*i = 3*f - 6*i - 255, 0 = 2*f + d*i - 183. Calculate the remainder when f is divided by 18.
15
Let j(b) = -b**2 + 22*b + 91. Calculate the remainder when j(20) is divided by 22.
21
What is the remainder when ((-6)/(-5) + 21/(-105))/(30/43110) is divided by 354?
21
Let l = 14973 - 14878. What is the remainder when l is divided by 13?
4
Suppose 4*u + 5 = -z + 131, -3*u - 504 = -4*z. What is the remainder when z is divided by 34?
24
Let k = -96 + 172. Let l = k + -19. What is the remainder when l is divided by 12?
9
Let m(q) = -8*q + 304. Calculate the remainder when 2181 is divided by m(25).
101
Let q = 194 + -171. Let l(s) = s**2 + 32*s + 43. Calculate the remainder when q is divided by l(-31).
11
Suppose -2*i + 6*i = 9*i - 2785. What is the remainder when i is divided by 33?
29
Let z(g) = -3*g**3 - 3*g**2 - g - 2. Let q be z(-2). Suppose -q*r + 11*r + 16 = 0. Calculate the remainder when 29 is divided by r.
13
Suppose -2*o + 3*l + 19 = 0, o = 5*l - 2 + 1. Calculate the remainder when 6/o + (-568)/(-14) is divided by 11.
8
Let s = -2 + -117. Let o = s - -191. What is the remainder when 203 is divided by o?
59
Let t = 691 - 416. Let r = t - 260. Calculate the remainder when 612 is divided by r.
12
Suppose -27*u = -25*u + 20. Let j = u + 16. Suppose -61 = -j*a + 203. Calculate the remainder when a is divided by 24.
20
Suppose 2*s + 20 = 3*k - 12, -4*k + 16 = 0. What is the remainder when ((-1)/(-2))/(s/9820)*-3 is divided by 11?
10
Suppose 3*r + 23 = 4*r. Suppose p + 143 = -t, -71*p + 66*p = -5*t + 745. Let b = p + 191. Calculate the remainder when b is divided by r.
22
Suppose -62 = -5*q + 8*t - 6*t, q - 22 = -2*t. What is the remainder when 17 is divided by 4/q*(-1540)/(-40)?
6
Suppose 618*z = 654*z - 3528. Calculate the remainder when 279 is divided by z.
83
Let i be ((-159)/212)/(-1 + (-230)/(-232)). Let l = i - 52. Let b = l - 13. What is the remainder when b is divided by 7?
1
Let x = 2645 + -2532. Calculate the remainder when x is divided by 29.
26
Let q = -19 - -21. Suppose -q*j + 4*w = 2*w - 270, 5*j - 3*w = 669. Calculate the remainder when j is divided by 27.
24
Let r = 751 + -749. Suppose -m - 26 - 11 = -u, r*u - 3*m - 79 = 0. What is the remainder when 413 is divided by u?
29
Suppose -6*p + 6*m - 5*m = -1890, -2*m + 1558 = 5*p. What is the remainder when 1273 is divided by p?
17
Suppose -t + 9*l = 50, -4*t - 9*l = -10*l - 10. What is the remainder when 9398 is divided by t?
2
Suppose -28 + 28 = 2*v. Suppose 3*m + 5*l - 1264 = -0*m, -3*m + 3*l + 1224 = v. Calculate the remainder when m is divided by 9.
8
Let y = 42 + -29. Calculate the remainder when (-1288)/(-28) + 12 + 4 is divided by y.
10
Let b(d) = -70*d + 4162. What is the remainder when b(59) is divided by (4/(-5))/((-2)/10)?
0
Suppose 48*a - 487 = -y + 49*a, 3*y - 1464 = 2*a. What is th